1000001011 (base 2) in base 14?
-295
What is -188a2 (base 11) in base 8?
-63401
Convert -b708 (base 14) to base 12.
-16324
-8165 (base 9) to base 12
-3558
f2 (base 16) to base 5
1432
What is 5682 (base 12) in base 7?
36665
6236 (base 12) to base 13
4b3c
What is 1011121211 (base 3) in base 2?
101101000001101
What is -1062 (base 8) in base 13?
-343
110001001100 (base 2) to base 13
1582
What is -22ff (base 16) in base 15?
-29c4
Convert 96a (base 16) to base 10.
2410
11211223 (base 4) to base 5
1213031
Convert -22111 (base 3) to base 13.
-148
What is -38a (base 12) in base 8?
-1032
668 (base 10) to base 7
1643
Convert -712 (base 15) to base 12.
-b08
What is 10002202 (base 3) in base 2?
100011010101
What is 55560 (base 7) in base 4?
3122313
What is 68064 (base 9) in base 13?
177a3
What is 3a4 (base 11) in base 4?
13131
-1322223 (base 4) to base 6
-100203
What is -618 (base 10) in base 12?
-436
What is -21020 (base 6) in base 7?
-11136
What is -58662 (base 9) in base 15?
-b91e
Convert -1063 (base 8) to base 16.
-233
-3169 (base 13) to base 5
-204342
-10311 (base 4) to base 8
-465
What is -881 (base 9) in base 10?
-721
-a48 (base 13) to base 11
-1351
Convert -110121 (base 3) to base 14.
-1a4
What is -156 (base 15) in base 2?
-100110010
36397 (base 10) to base 2
1000111000101101
Convert -829 (base 10) to base 6.
-3501
What is -636 (base 12) in base 16?
-38a
What is -21122021 (base 3) in base 8?
-12701
Convert 12311111 (base 4) to base 7.
144413
Convert 2010300 (base 4) to base 8.
20460
Convert -2286 (base 9) to base 11.
-1304
Convert 245 (base 10) to base 14.
137
12161 (base 8) to base 9
7154
What is -5b7 (base 14) in base 12?
-7b1
-4939 (base 11) to base 12
-389b
What is -100023 (base 4) in base 16?
-40b
-1001001 (base 2) to base 15
-4d
243 (base 16) to base 12
403
234141 (base 6) to base 13
9367
Convert -100001010111000 (base 2) to base 10.
-17080
Convert -2498 (base 11) to base 2.
-110010110101
What is -49b2 (base 16) in base 3?
-221212202
-1000114 (base 5) to base 10
-15659
Convert 391a (base 11) to base 6.
35343
Convert 21222011 (base 3) to base 4.
1122301
What is -1233 (base 7) in base 9?
-566
What is -364 (base 16) in base 10?
-868
Convert -818 (base 12) to base 15.
-532
-4575 (base 12) to base 4
-1320221
-5956 (base 12) to base 4
-2130102
-5396 (base 14) to base 10
-14440
What is -27105 (base 9) in base 6?
-220435
What is -100112 (base 3) in base 9?
-315
What is -5452 (base 6) in base 16?
-4e8
-53460 (base 9) to base 13
-1313a
Convert -4141 (base 5) to base 2.
-1000100010
What is -5364 (base 8) in base 4?
-223310
What is 40658 (base 10) in base 9?
61685
-211200 (base 4) to base 14
-c36
What is -2015 (base 6) in base 8?
-673
Convert 29b (base 13) to base 2.
111010010
Convert -14103 (base 5) to base 10.
-1153
What is 1011010001000 (base 2) in base 11?
4374
2120200 (base 3) to base 16
759
What is -635 (base 16) in base 8?
-3065
Convert -5387 (base 10) to base 4.
-1110023
-35455 (base 7) to base 9
-13501
dc3 (base 16) to base 14
13d9
10e (base 16) to base 2
100001110
What is 22222221 (base 3) in base 5?
202214
6ff (base 16) to base 10
1791
9821 (base 10) to base 13
4616
Convert 12410 (base 6) to base 15.
853
What is -1022200 (base 4) in base 6?
-34024
-a10 (base 13) to base 12
-b9b
What is 13200 (base 11) in base 8?
44674
10212021 (base 3) to base 16
aff
What is 101121211 (base 3) in base 5?
221434
-1221222 (base 3) to base 15
-655
-10000100010100 (base 2) to base 5
-232333
Convert 2154 (base 8) to base 7.
3205
10102101020 (base 3) to base 11
46662
What is 322141 (base 5) in base 13?
4c81
What is -271 (base 16) in base 12?
-441
120111 (base 5) to base 7
15563
31143 (base 5) to base 10
2048
What is 53285 (base 9) in base 8?
104637
Convert 7016 (base 8) to base 7.
13330
What is 465 (base 10) in base 13?
29a
What is 21313 (base 5) in base 12?
a16
What is 22102011 (base 3) in base 11?
4676
213303 (base 4) to base 15
b4c
Convert e7 (base 15) to base 6.
1001
Convert 310212 (base 4) to base 8.
6446
315355 (base 6) to base 2
110010011110111
Convert -5550 (base 6) to base 4.
-110022
Convert -31400 (base 5) to base 11.
-163a
Convert d87b (base 14) to base 6.
444525
415430 (base 7) to base 12
354b5
Convert -13561 (base 10) to base 2.
-11010011111001
What is 100100010101 (base 2) in base 11?
1824
What is 10d1d (base 15) in base 6?
1052014
What is -3104 (base 7) in base 6?
-5002
-10021012 (base 3) to base 14
-c21
Convert 315 (base 7) to base 9.
186
-163 (base 8) to base 4
-1303
What is -12312 (base 5) in base 13?
-588
555 (base 10) to base 7
1422
What is -110101100 (base 2) in base 13?
-26c
What is -48a8 (base 14) in base 6?
-134432
What is 1010200 (base 3) in base 8?
1474
Convert -5dd (base 16) to base 2.
-10111011101
Convert -21002330 (base 4) to base 2.
-1001000010111100
Convert -3016 (base 10) to base 15.
-d61
Convert -3483 (base 10) to base 16.
-d9b
What is -144c (base 15) in base 7?
-15450
67 (base 14) to base 9
111
Convert 24b81 (base 13) to base 15.
1519e
What is -a0 (base 13) in base 9?
-154
What is -165 (base 13) in base 11?
-20a
Convert 2127 (base 12) to base 4.
320233
Convert 4301 (base 5) to base 2.
1001000000
Convert -622 (base 9) to base 4.
-13322
What is -2734 (base 13) in base 8?
-12764
-3cc (base 16) to base 2
-1111001100
What is -21072 (base 8) in base 7?
-34355
-1020111201 (base 3) to base 16
-5f6b
Convert -3500 (base 15) to base 4.
-2233302
What is 34340 (base 5) in base 12?
151a
What is 25436 (base 7) in base 2?
1101001010100
Convert -4597 (base 13) to base 11.
-7370
What is 11000000101110 (base 2) in base 4?
3000232
Convert 0 (base 16) to base 13.
0
-a8d (base 14) to base 12
-1259
Convert 362 (base 10) to base 4.
11222
Convert 3132 (base 5) to base 4.
12201
What is 36888 (base 9) in base 5?
1243120
-1c85 (base 14) to base 12
-3025
-4795 (base 13) to base 7
-41266
-144 (base 16) to base 15
-169
-3851 (base 14) to base 10
-9871
Convert -6536 (base 7) to base 14.
-bc6
Convert 101010101111001 (base 2) to base 14.
7d8d
10010110111101 (base 2) to base 12
5711
-11731 (base 8) to base 9
-6865
106105 (base 7) to base 2
100100111100111
What is 2e7 (base 15) in base 16?
29b
56 (base 8) to base 16
2e
What is 21033130 (base 4) in base 9?
56827
Convert 564 (base 7) to base 6.
1203
-11000000100010 (base 2) to base 14
-46c2
What is 6466 (base 10) in base 13?
2c35
Convert -4261 (base 10) to base 5.
-114021
What is 3244 (base 6) in base 16?
2ec
What is -2000011 (base 3) in base 5?
-21322
-10401 (base 6) to base 7
-4126
Convert -2310030 (base 4) to base 11.
-8734
What is 17403 (base 9) in base 11?
9011
Convert 10102300 (base 4) to base 8.
42260
Convert 115a4 (base 13) to base 11.
21932
Convert -18a3 (base 15) to base 12.
-3100
1566 (base 8) to base 7
2404
What is 2311 (base 4) in base 16?
b5
What is -1444 (base 5) in base 16?
-f9
Convert -11682 (base 10) to base 9.
-17020
Convert 28a5 (base 12) to base 3.
20111022
Convert -130104 (base 5) to base 10.
-5029
-12426 (base 7) to base 4
-303213
What is 1a8 (base 11) in base 5?
1424
8011 (base 13) to base 11
12241
Convert 1243134 (base 5) to base 11.
176a0
Convert 1020332 (base 4) to base 14.
19b8
a160 (base 12) to base 6
213000
Convert -204 (base 9) to base 2.
-10100110
Convert 201210121 (base 3) to base 10.
14434
What is 11342 (base 5) in base 8?
1517
2245 (base 6) to base 13
320
-1dc (base 14) to base 4
-12012
Convert 1454 (base 6) to base 10.
394
What is 327 (base 8) in base 5?
1330
What is -111131 (base 4) in base 13?
-818
Convert 58 (base 12) to base 15.
48
What is 11220021 (base 3) in base 9?
4807
Convert 52213 (base 6) to base 5.
210433
Convert -55354 (base 7) to base 9.
-21061
What is -3221 (base 6) in base 2?
-1011011101
What is 14312 (base 6) in base 13?
1061
What is -11110101 (base 2) in base 16?
-f5
Convert 1cb (base 13) to base 16.
150
What is 344 (base 14) in base 3?
220000
Convert -344443 (base 5) to base 11.
-9432
What is -2122122110 (base 3) in base 12?
-26286
What is -2fd (base 16) in base 7?
-2142
21012 (base 5) to base 10
1382
-1340 (base 11) to base 2
-11011001010
-7a66 (base 11) to base 9
-15476
-1598 (base 16) to base 12
-3248
-7125 (base 14) to base 13
-8b02
What is -410231 (base 5) in base 11?
-9a02
Convert 118a (base 15) to base 13.
190c
Convert 10011221 (base 3) to base 14.
bba
W